. What is o(-7)?
5
Let c(r) = r**3 - 14*r**2 + 20*r - 113. Calculate c(13).
-22
Let r(s) = 38*s**2 - 1. Calculate r(-1).
37
Let q(k) = -k**3 - k**2 - k + 293. Calculate q(0).
293
Let c(n) = 44*n**2 - 397*n + 7. Calculate c(9).
-2
Let k(o) = o**3 + 88*o**2 - 1201*o - 98. What is k(-100)?
2
Let v(f) = -153*f**2 - 304*f - 4. Calculate v(-2).
-8
Let a(b) = 466*b - 1762. Give a(4).
102
Let t(v) = v**3 + 21*v**2 + 85*v - 263. Determine t(-11).
12
Let u(g) = -63*g + 1863. Calculate u(29).
36
Let p(u) = 2688*u - 37629. What is p(14)?
3
Let x(f) = -262*f - 4313. Give x(-18).
403
Let g(c) = 3*c**2 - 94*c + 454. Calculate g(6).
-2
Let m(c) = 2*c**3 + 13*c**2 - 56*c - 246. Give m(-7).
97
Let m(z) = 68*z + 905. What is m(-17)?
-251
Let l(r) = 24*r**2 - 138*r - 41. Calculate l(6).
-5
Let z(h) = -32*h + 35. What is z(-2)?
99
Let w(j) = -879*j - 8080. Calculate w(-9).
-169
Let r(u) = -u**3 - 10*u**2 + 175*u - 37. Determine r(9).
-1
Let v(k) = -6*k**3 - 97*k**2 - 40*k - 369. Give v(-16).
15
Let t(z) = z**2 + 13*z + 31. What is t(-11)?
9
Let v(k) = -8*k - 91. What is v(-28)?
133
Let p(a) = a**3 - 27*a**2 + 40*a + 106. Determine p(25).
-144
Let t(h) = -h**2 - 6*h + 86. Calculate t(-12).
14
Let m(s) = -2*s**2 + 223*s + 1476. Calculate m(118).
-58
Let v(p) = -295*p - 889. Calculate v(-3).
-4
Let h(w) = -3*w**2 + 508*w + 11147. Calculate h(189).
-4
Let n(a) = -17*a**3 + 3*a**2 - a - 6. Determine n(2).
-132
Let u(h) = 4*h**2 - 650*h - 650. Give u(-1).
4
Let h(r) = -133*r**3 + 525*r**2 + 5*r - 6. Determine h(4).
-98
Let f(u) = -37*u - 599. Determine f(-17).
30
Let b(l) = l**3 + 21*l**2 + 60*l + 111. Calculate b(-18).
3
Let b(x) = -397*x. Calculate b(0).
0
Let x(a) = 12*a**2 + 148*a - 1. Calculate x(-2).
-249
Let h(o) = -72*o - 867. Determine h(-12).
-3
Let x(n) = 18*n - 18. Give x(-2).
-54
Let x(t) = -13*t**3 + 2*t**2 - 5*t - 9. Determine x(-1).
11
Let w(h) = 2701*h - 121539. What is w(45)?
6
Let m(x) = -69*x + 1108. Calculate m(16).
4
Let k(o) = -3*o**2 - 15*o + 25. What is k(2)?
-17
Let s(h) = h**3 + 14*h**2 + 40*h - 43. Calculate s(-9).
2
Let v(q) = 392*q + 865. Calculate v(-3).
-311
Let f(x) = 104*x - 2233. Determine f(22).
55
Let w(x) = 1422*x - 1131. Calculate w(1).
291
Let u(z) = -z**3 - 4*z**2 + 21*z - 27. Determine u(2).
-9
Let r(d) = -6*d**2 + 34*d - 60. Calculate r(5).
-40
Let u(i) = -14*i**2 - 295*i + 51. Calculate u(-22).
-235
Let v(n) = 3*n**2 - 232*n - 378. Calculate v(79).
17
Let b(s) = -202*s + 6168. Give b(30).
108
Let c(s) = 3*s**2 + 16*s - 188. Give c(-10).
-48
Let c(s) = 2*s**3 - 74*s**2 - 23*s + 850. What is c(37)?
-1
Let b(x) = x**3 + 7*x**2 - x - 3. Determine b(-6).
39
Let o(m) = -17*m - 79. What is o(-11)?
108
Let a(z) = -12*z + 129. Determine a(6).
57
Let c(y) = -y**3 - 19*y**2 + 890*y + 15003. Give c(-16).
-5
Let o(z) = 187*z + 277. What is o(-5)?
-658
Let r(v) = v**3 + 11*v**2 + 27*v + 41. Determine r(-9).
-40
Let z(y) = -y**3 + 104*y**2 - 677*y - 206. Determine z(97).
-12
Let l(p) = 5358*p - 74962. Give l(14).
50
Let v(z) = 20*z**2 + 5*z - 17. Give v(-4).
283
Let o(f) = 12*f**2 - 259*f - 32. Determine o(21).
-179
Let h(r) = -5*r + 128. Give h(29).
-17
Let w(a) = 833*a + 56648. What is w(-68)?
4
Let o(l) = l**3 - 23*l**2 - 26*l + 36. Give o(24).
-12
Let b(w) = -293*w - 880. Calculate b(-3).
-1
Let f(i) = i**3 + 7*i**2 + 9*i + 43. What is f(-4)?
55
Let h(r) = 83*r - 4364. Determine h(51).
-131
Let s(q) = -2*q**3 - 424*q**2 + 843*q + 3. Give s(2).
-23
Let k(p) = -2*p**2 - 12*p - 18. Determine k(-2).
-2
Let h(k) = 12*k - 6. Give h(34).
402
Let g(u) = 5*u**2 - 181*u + 1380. Determine g(11).
-6
Let x(y) = 473*y + 20817. Give x(-44).
5
Let r(t) = 60*t - 5451. What is r(91)?
9
Let i(q) = 5*q**2 + 209*q - 724. Calculate i(-45).
-4
Let z(u) = u**3 - 4*u**2 - 33*u - 2. Determine z(-4).
2
Let s(j) = -j**3 + 16*j**2 - 18*j - 10. Calculate s(15).
-55
Let x(a) = -20*a - 441. Determine x(-20).
-41
Let w(c) = c**3 - 9*c**2 - 17*c + 19. Calculate w(9).
-134
Let c(m) = 2*m**2 - 154*m - 317. Determine c(-2).
-1
Let h(x) = -x**3 + 17*x**2 - 50*x - 52. Determine h(11).
124
Let f(b) = 3*b**2 + 142*b + 309. Calculate f(-45).
-6
Let q(p) = -2*p**3 + 22*p**2 + p + 117. Calculate q(13).
-546
Let w(n) = -49*n**2 - 1080*n - 42. What is w(-22)?
2
Let k(u) = -u**3 + 21*u**2 + 883*u - 16. Give k(42).
26
Let b(x) = 13*x + 416. Give b(-32).
0
Let n(c) = -c**3 + 167*c**2 - 18*c + 2990. Give n(167).
-16
Let q(p) = 6218*p - 37299. Calculate q(6).
9
Let o(c) = c**2 + 101*c + 620. Give o(-6).
50
Let n(f) = -118*f + 47. Calculate n(-2).
283
Let z(u) = -u**2 + 21*u + 394. Calculate z(-12).
-2
Let f(i) = i**3 - i**2 + 2*i - 13. What is f(4)?
43
Let f(k) = -2*k**2 - 115*k + 36. Determine f(-58).
-22
Let x(d) = d**3 + 34*d**2 + 2*d + 41. What is x(-34)?
-27
Let w(d) = -10*d**2 + 110*d + 356. Determine w(-3).
-64
Let k(c) = -3*c**3 - 10*c**2 - 8*c + 15. Calculate k(-2).
15
Let k(z) = z**2 - 11*z - 69. What is k(-9)?
111
Let j(g) = -7330*g - 14627. Give j(-2).
33
Let g(u) = 37*u - 2859. What is g(77)?
-10
Let z(k) = k**2 - 151*k + 4146. What is z(115)?
6
Let d(k) = 203*k + 1225. Calculate d(-6).
7
Let p(v) = 714*v + 5001. Give p(-7).
3
Let z(v) = 2*v**2 + 48*v + 295. What is z(-9)?
25
Let o(a) = 7*a**2 - 66*a - 29. Determine o(10).
11
Let c(w) = -w**3 - 23*w**2 + 173*w - 35. Give c(-29).
-6
Let y(x) = 449*x + 49854. What is y(-111)?
15
Let j(g) = 6971*g + 6973. Determine j(-1).
2
Let c(r) = 111*r - 100. What is c(1)?
11
Let m(h) = -2*h**3 + 137*h**2 + 887*h - 37. Determine m(-6).
5
Let w(j) = 25*j + 45. Determine w(-1).
20
Let d(z) = -29*z - 62. Give d(45).
-1367
Let s(n) = 16*n**2 + 139*n + 30. Determine s(-9).
75
Let q(f) = -8*f + 93. Determine q(6).
45
Let d(k) = 388*k + 95833. Calculate d(-247).
-3
Let h(t) = -362*t - 51777. Calculate h(-143).
-11
Let d(t) = -t**3 + 12*t**2 - 3*t - 39. Give d(12).
-75
Let t(o) = o**3 + 26*o**2 - 148*o + 183. Determine t(-31).
-34
Let d(h) = -1813*h - 10871. Determine d(-6).
7
Let n(o) = o**2 + 5*o - 138. Give n(-14).
-12
Let t(s) = 15*s + 68. What is t(-4)?
8
Let s(w) = -4*w**3 + 22*w**2 + 7*w + 25. Give s(6).
-5
Let c(v) = 7*v - 1. Calculate c(-45).
-316
Let b(q) = -240*q - 2978. Calculate b(-12).
-98
Let n(b) = 1210*b + 1203. Determine n(-1).
-7
Let p(i) = i**3 - 13*i**2 - 27*i + 458. What is p(11)?
-81
Let h(s) = -11*s**3 - 2892*s**2 + 265*s + 520. Give h(-263).
-6
Let q(a) = -a**3 + 7*a**2 - 415*a + 2910. What is q(7)?
5
Let l(t) = -t**3 - 21*t**2 - 35*t - 19. Calculate l(-19).
-76
Let m(j) = -6*j**3 + 148*j**2 + 48*j + 51. Give m(25).
1
Let o(l) = -53*l - 1310. What is o(-24)?
-38
Let n(r) = r**3 + 51*r**2 + 146*r + 117. What is n(-48)?
21
Let w(p) = -p**2 + 22*p - 19. Calculate w(1).
2
Let g(k) = 34*k**3 - 6*k**2 - 3*k + 2. Give g(-1).
-35
Let v(h) = -12*h**2 + 19*h + 35. Give v(-1).
4
Let m(q) = -14*q**2 + 148*q + 83. Calculate m(11).
17
Let r(s) = -7*s**2 + 426*s + 68. Give r(61).
7
Let f(t) = -177*t + 6542. Determine f(37).
-7
Let i(w) = -w**3 + 45*w**2 - 111*w + 1066. Give i(43).
-9
Let k(i) = -i**2 - 49*i - 517. Determine k(-21).
71
Let c(x) = -x**3 + 39*x**2 + 736*x + 325. Give c(53).
7
Let y(m) = 10*m**2 - 322*m + 74. Give y(32).
10
Let c(m) = 3*m**2 + 332*m + 2876. Determine c(-101).
-53
Let w(k) = 3*k**2 + 37*k + 247. What is w(-13)?
273
Let n(u) = u**3 + 13*u**2 + 12*u - 97. Determine n(-5).
43
Let i(g) = 2*g**3 + 143*g**2 - 81*g - 639. Determine i(-72).
9
Let h(x) = 15*x + 415. Give h(-26).
25
Let t(z) = z**3 - 7*z**2 - 49*z + 155. Calculate t(10).
-35
Let w(y) = 3*y**2 + 54*y + 72. Calculate w(-20).
192
Let w(r) = -r**3 - 40*r**2 - 73*r - 4653. What is w(-41)?
21
Let w(k) = -277*k**2 - 8*k - 6. Give w(-1).
-275
Let f(v) = 2*v**2 - 17*v. What is f(6)?
-30
Let v(t) = -89*t + 247. Determine v(3).
-20
Let w(m) = -159*m + 109. What is w(2)?
-209
Let o(y) = -11497*y + 34485. Calculate o(3).
-6
Let x(t) = -t**3 + 15*t + 29. Determine x(-2).
7
Let i(r) = 172*r - 282. What is i(2)?
62
Let i(m) = -2*m**2 - 28*m + 25. Determine i(-14).
25
Let q(b) = -2*b**2 - 36*b - 257. Calculate q(-7).
-103
Let d(v) = 68*v + 582. Give d(-16).
-506
Let y(b) = b**3 - 8*b**2 - 142*b + 231. Determine y(16).
7
Let x(k) = 9*k - 46. What is x(-16)?
-190
Let r(o) = 367*o - 2555. What is r(7)?
14
Let t(v) = 260*v + 33020. Determine t(-127).
0
Let m(h) = -9*h